= 0, 0 = 39*q - 42*q + 2*p + 306. What is the greatest common factor of q and 650?
50
Let o = -147 + 168. Let p = 7 + o. Let v(d) = d**3 - 4*d**2 - 3*d - 3. Let s be v(5). What is the highest common factor of p and s?
7
Let p be -5*((-216)/(-10) + -2). Let f be (2 - (p - -1))/((-30)/(-20)). Let m be 1 - (2 - (-23)/(-1)). What is the highest common factor of f and m?
22
Let y = -37 - -52. Let p be ((-10)/(-75)*3)/((-12)/(-390)). Suppose -y*n + 176 = -p*n. What is the highest common divisor of n and 22?
22
Let w = 105 - 104. Let k be 6 - w - (-364)/14. Calculate the highest common factor of k and 155.
31
Suppose -53717 + 286802 = 59*i - 81267. Calculate the greatest common divisor of 9 and i.
9
Suppose -6*a + 72 = -7*a. Let y = a + 57. Let c = y - -65. What is the highest common divisor of 150 and c?
50
Let n(a) = -17*a - 1759. Let v be n(-107). What is the greatest common factor of v and 76?
4
Suppose -17 = 5*k + 38. Let u(w) = -w**3 - 11*w**2 - w. Let p be u(k). What is the highest common divisor of p and 11?
11
Let h(s) = -s**3 + 18*s**2 + 15*s + 93. Let v be h(17). Calculate the greatest common divisor of v and 26.
13
Suppose l + 3*j = -0*l + 351, -5*j + 1404 = 4*l. Calculate the greatest common divisor of 507 and l.
39
Suppose 4*s + 6 = 7*s. Suppose 0 = s*y - 0*y - 192. What is the highest common factor of 1536 and y?
96
Let f = -625 + 651. Let a be ((-39)/f)/(1*(-2)/80). What is the greatest common divisor of 165 and a?
15
Suppose 86*u - 85*u = 315. What is the highest common divisor of 735 and u?
105
Let z(j) = -5*j**2 + 259*j - 176. Let h be z(51). What is the greatest common factor of h and 3010?
14
Let q = -97 - -142. Let a(f) be the second derivative of -f**4/12 - 2*f**3 - 5*f**2/2 - 9*f. Let v be a(-5). What is the greatest common factor of v and q?
15
Let u be 35 - ((-54)/(-6) - 1). Calculate the greatest common factor of u and 1629.
9
Let t = 34 + 17. Let n be (68/(-10))/(64/80)*-18. What is the greatest common divisor of t and n?
51
Let w be (-141)/(-15) + (-2)/5. Let q be -1*(-15)/(-5) - w*-13. Let g be (-2*1 - (2 - 3))*-76. Calculate the greatest common divisor of q and g.
38
Suppose 7*x - 4 = 11*x + 2*t, 5*x - 10 = 5*t. Suppose x = -4*a + 5*a, 0 = -d + 3*a + 529. What is the highest common divisor of d and 46?
23
Suppose -l = 13*k - 8*k - 200, 0 = -5*l - k + 904. What is the greatest common factor of l and 3840?
60
Suppose 29*h + 12670 = 75*h - 7294. Calculate the greatest common divisor of 992 and h.
62
Let s(k) be the second derivative of 7*k**4/12 + 2*k**3/3 + 3*k**2/2 - 9*k + 1. Let p be s(2). Calculate the greatest common divisor of 195 and p.
39
Suppose -n - 1 = 2*w - 36, 3*w - n - 60 = 0. Let a be (-112)/(-7) + (4 - 3/3). Calculate the highest common divisor of a and w.
19
Let g = 55 + -25. Let r be -5 + (5 - (-45)/((-1)/(-10 - -8))). Calculate the greatest common factor of g and r.
30
Let j be 6 + (-4 - -1) - 0. Let w(i) = 2 - 3*i - 5 + 0 - 3*i**2 - 4*i**3 + 8*i**3. Let k be w(j). Calculate the highest common divisor of 23 and k.
23
Let d(k) = k**3 - 11*k**2 + 49*k - 87. Let r be d(5). Calculate the highest common divisor of r and 1000.
8
Suppose -i = -4*u - 23, -4*u - 61 = -3*i - 0*u. Suppose -407 = -3*s - 4*r, s + 4*r - 361 = -220. Calculate the greatest common divisor of i and s.
19
Suppose -5*m + 291 = -3*n, -5*m = -0*n - n - 297. Suppose -2*w - 6 + m = 0. Let d be 10/(-4)*(1 - w). Calculate the highest common divisor of 5 and d.
5
Suppose 3*h - 340 = 5*r - h, -r = -3*h + 57. Let a = -68 - r. What is the highest common factor of a and 3?
1
Let c = 186 + -201. Let o be (-3 - -153)*c/(-45). Calculate the highest common divisor of 190 and o.
10
Let s(y) = 9 + 11 + 6*y + 14 - 2*y. Let p be s(-7). Suppose -42 = 7*o - 8*o. What is the greatest common factor of p and o?
6
Let l(x) = -7*x + 81. Let q be l(-27). Suppose 0 = -5*d - 2*a + 72 + q, 0 = 4*d - a - 284. Calculate the highest common divisor of 20 and d.
10
Let s(m) = -4*m**2 - 30*m - 34. Let d be s(-6). Calculate the highest common divisor of 281 and d.
1
Suppose 2*l + 55*h - 243 = 52*h, 2*h - 10 = 0. Suppose -v - l = -3*i, -2*i + 76 = v + v. Let j = -71 - -109. What is the greatest common divisor of j and i?
38
Suppose 9 = -2*j - 3*f + 78, -4*j + 2*f = -146. Suppose -11 + j = p. Suppose -119 = -10*x + 131. What is the highest common factor of p and x?
25
Let c be ((-135)/180 - (-75)/(-12))/(3/(-15)). Calculate the greatest common factor of c and 889.
7
Let n(z) = -z**3 - 4*z**2. Let b = -12 - -7. Let k be n(b). Suppose -4*r - 4*t + 36 = 0, 13*r - 9*r = 2*t + 42. What is the highest common factor of k and r?
5
Let i(g) = g**3 - 18*g**2 + 27*g - 50. Let d be i(17). Suppose 3*n = 4*a - 649, -47 - 282 = -2*a + 3*n. Calculate the highest common divisor of d and a.
40
Let x(v) = 93*v**2 + 3*v + 1. Let f be x(-1). Let l = f - 63. Calculate the greatest common factor of l and 224.
28
Suppose 8 + 12 = -5*m - 5*t, 0 = -t - 5. Let w be -4*(-3 - (-15)/(-4 - m)). What is the greatest common factor of w and 132?
12
Let s = -192 + 194. Let d be (-63)/(-42)*((-12)/(-9))/s. What is the highest common factor of d and 7?
1
Let b = -10465 + 10697. Calculate the highest common factor of 296 and b.
8
Suppose -3*g + 32 = -g. Let l(k) = 29*k**2 + 640*k + 45. Let y be l(-22). What is the greatest common factor of y and g?
1
Let t be (-1)/1 + 0 + 9. Let u = 8 - t. Suppose -3*j + 26 + 22 = u. What is the highest common factor of j and 8?
8
Let k be -1843*54/162*(-6)/2. What is the highest common factor of 19 and k?
19
Let h(b) = 23*b**2 - 2*b. Suppose -3*y - 25 = -8*y + 3*k, -y + 7 = -k. Let g be h(y). Calculate the highest common factor of 11 and g.
11
Suppose -4160 = -23*g + 19*g. Suppose -3*h - 260 = a - 2*a, -2*h = -4*a + g. Suppose -4*l + 9*l - a = 0. What is the highest common factor of 39 and l?
13
Let g be (-2)/4*-2 + (16 - 4). Let q be (2/4)/(g/(-52)) - -41. Calculate the greatest common factor of 624 and q.
39
Let z(v) = -281*v + 308. Let c be z(1). Calculate the highest common divisor of c and 63.
9
Let o(s) = -74*s**3 + 173*s**2 - s + 3. Let x be o(2). Calculate the greatest common factor of x and 25351.
101
Suppose -a = 12*o - 7*o - 394, 5*a - 20 = 0. Calculate the greatest common factor of 8814 and o.
78
Let t be 1312/8 - ((-4)/(-4) + -5). What is the greatest common factor of 1736 and t?
56
Suppose 3*l = 4*j + 49 - 18, 0 = -3*l + 2*j + 35. What is the highest common divisor of 2041 and l?
13
Suppose 12*u + 2*u = 8*u + 10440. What is the greatest common divisor of 4 and u?
4
Suppose 3897 = 3*d - 3*b, -2650 = -4*d - 2*b + 2576. Calculate the greatest common divisor of 163 and d.
163
Suppose 3*c - 10*c - 812 = 0. Let w = c + 118. Suppose w*b - 90 = -4*h, 2*b + 2*b - 184 = -4*h. What is the highest common factor of 188 and b?
47
Let w(j) = -j**3 - 4*j**2 + 64*j + 146. Let b be w(-12). Calculate the greatest common divisor of b and 1110.
10
Let k(v) = 6*v - 67. Let x be k(11). Let t be 3*(3 + x - (-8136)/108). What is the greatest common factor of t and 29?
29
Let w(o) = 438*o - 90. Let l be w(1). What is the greatest common divisor of l and 84?
12
Let a(k) = -13*k**2 - 13*k + 15. Let z(w) = -16*w**2 - 14*w + 15. Let m(y) = 5*a(y) - 4*z(y). Let g be m(-5). What is the greatest common factor of 112 and g?
7
Let j(z) = -z - 4. Let x be j(-9). Suppose -l = -v + l + 20, -x*v - 3*l + 48 = 0. Let r = 3393 + -3357. What is the highest common divisor of v and r?
12
Suppose 61*z = 2*z + 2950. Let v be (-6)/(-8) - (-12)/48. Let m be ((-3)/(-9))/(v/375). Calculate the greatest common divisor of m and z.
25
Let s = 24793 + -24453. Calculate the highest common divisor of 7072 and s.
68
Suppose -125709 + 41534 = -37*t. What is the highest common factor of t and 221?
13
Suppose 103*r - 42245 = -11242. Calculate the greatest common factor of 259 and r.
7
Let y(b) = 7*b**2 + 1. Let n be y(-2). Let v = -525 - -576. Suppose -2*w + 5*t = -91, -2*t + 3 = -w + v. What is the highest common factor of n and w?
29
Let b be ((16/(-12))/((-2)/303))/(7/112). Calculate the highest common divisor of 96 and b.
32
Suppose -6*b + 2*b + 516 = 0. Let y = -102 + b. What is the highest common factor of y and 243?
27
Suppose 62*i + 213 = 1235 + 218. Calculate the highest common divisor of 112 and i.
4
Let i = -7 +